 of 7018 and 454234?
242
Calculate the highest common divisor of 85 and 109735.
85
Calculate the greatest common divisor of 1045 and 4235.
55
What is the highest common factor of 17318 and 14?
14
What is the highest common divisor of 15 and 4790?
5
Calculate the highest common divisor of 242953 and 14079.
361
Calculate the highest common divisor of 344 and 88.
8
What is the highest common divisor of 82739 and 8432?
527
What is the greatest common divisor of 5271414 and 885?
177
What is the greatest common factor of 32831265 and 15?
15
What is the greatest common factor of 11767 and 574?
287
What is the greatest common factor of 7994 and 1561?
7
Calculate the highest common divisor of 1265 and 659.
1
What is the greatest common divisor of 7 and 16892960?
7
Calculate the greatest common divisor of 3492 and 3636.
36
Calculate the greatest common factor of 171 and 49875.
57
What is the greatest common factor of 596 and 39038?
298
Calculate the highest common factor of 144 and 386928.
144
Calculate the highest common divisor of 3264 and 153.
51
Calculate the greatest common divisor of 789943 and 154.
77
What is the greatest common divisor of 131977 and 1461?
487
What is the greatest common factor of 187824 and 2730?
546
Calculate the highest common factor of 784 and 58751.
49
Calculate the greatest common factor of 5610 and 36720.
510
What is the greatest common factor of 789 and 93?
3
What is the greatest common divisor of 73854 and 33?
33
What is the greatest common factor of 21596 and 140?
4
What is the highest common factor of 5 and 89160?
5
What is the highest common divisor of 47493 and 135?
27
What is the greatest common factor of 910 and 25571?
91
What is the greatest common divisor of 15 and 1980?
15
Calculate the greatest common divisor of 989389 and 67.
67
What is the greatest common factor of 873 and 479277?
873
Calculate the highest common factor of 6 and 7936914.
6
What is the highest common factor of 589 and 80693?
589
What is the highest common factor of 14615 and 9028?
37
What is the greatest common factor of 41 and 108937?
41
Calculate the greatest common divisor of 1378 and 12826.
106
What is the highest common factor of 11812 and 12?
4
What is the greatest common divisor of 11312 and 672?
112
Calculate the greatest common divisor of 226218 and 1110.
222
What is the greatest common factor of 33990 and 7107?
309
Calculate the highest common divisor of 6745 and 5609.
71
What is the highest common divisor of 5520 and 345?
345
Calculate the highest common factor of 1440 and 221120.
160
Calculate the greatest common divisor of 61182 and 189.
27
What is the highest common divisor of 100 and 86012?
4
Calculate the greatest common divisor of 96859 and 3535.
707
What is the greatest common factor of 105 and 974400?
105
Calculate the greatest common divisor of 770 and 31290.
70
What is the highest common divisor of 1010 and 588022?
202
What is the highest common divisor of 5920 and 3988896?
1184
Calculate the highest common factor of 32319 and 94563.
1197
What is the highest common divisor of 1023 and 309287?
341
What is the highest common factor of 9248 and 1952?
32
Calculate the highest common factor of 1337 and 217.
7
Calculate the highest common factor of 12248 and 20.
4
What is the highest common divisor of 46 and 17401?
1
Calculate the highest common factor of 362222 and 112.
14
What is the greatest common factor of 618 and 270375?
309
What is the highest common divisor of 16 and 6144?
16
What is the highest common factor of 237 and 663837?
237
What is the highest common factor of 19999 and 35?
7
Calculate the highest common factor of 6382408 and 184.
184
Calculate the greatest common factor of 374057 and 86.
43
Calculate the highest common divisor of 9435 and 102.
51
Calculate the greatest common factor of 6778 and 70.
2
Calculate the highest common divisor of 143838 and 4192.
262
What is the highest common divisor of 231246 and 87?
87
Calculate the highest common divisor of 24 and 13764.
12
Calculate the greatest common divisor of 21584 and 191984.
1136
Calculate the highest common divisor of 378286 and 146.
146
Calculate the highest common divisor of 103887 and 12.
3
What is the highest common divisor of 215567 and 11?
11
What is the greatest common divisor of 952 and 15512?
56
What is the highest common factor of 33 and 42999?
33
What is the highest common divisor of 153 and 360315?
153
Calculate the greatest common divisor of 279 and 516.
3
What is the highest common factor of 24 and 3274548?
12
Calculate the highest common divisor of 450 and 24975.
225
Calculate the greatest common factor of 20046 and 78.
78
Calculate the greatest common divisor of 10261 and 2317.
331
What is the greatest common factor of 183 and 21228?
183
Calculate the highest common factor of 975 and 7349550.
975
Calculate the highest common divisor of 248 and 817532.
124
What is the highest common divisor of 489 and 161859?
489
Calculate the greatest common divisor of 7139 and 72116.
121
Calculate the greatest common divisor of 518535 and 3933.
207
What is the highest common factor of 59 and 918689?
59
What is the highest common factor of 115 and 277127?
23
What is the greatest common factor of 21325 and 25?
25
Calculate the highest common factor of 114408 and 54.
18
What is the greatest common factor of 366 and 162138?
366
Calculate the greatest common factor of 29046 and 11280.
282
What is the highest common factor of 2235266 and 11?
11
What is the highest common factor of 7752 and 9462?
114
Calculate the greatest common divisor of 3213 and 12614.
119
What is the highest common divisor of 456 and 501?
3
What is the highest common factor of 1712052 and 1596?
228
What is the greatest common factor of 60 and 16280340?
60
Calculate the greatest common divisor of 4147 and 19110.
13
What is the greatest common factor of 71217 and 772?
193
Calculate the greatest common divisor of 940 and 52076.
188
Calculate the greatest common factor of 2046 and 5808.
66
Calculate the greatest common factor of 68106 and 45.
3
What is the greatest common factor of 2120 and 87715?
265
Calculate the greatest common factor of 4089 and 61899.
141
What is the greatest common divisor of 952 and 17731?
119
What is the highest common factor of 588 and 2892?
12
What is the greatest common factor of 2145 and 194610?
195
What is the highest common factor of 17020 and 2294?
74
Calculate the highest common factor of 13570 and 742810.
590
Calculate the greatest common divisor of 162 and 105138.
162
What is the greatest common divisor of 10326327 and 561?
561
What is the greatest common factor of 36248 and 2438?
46
What is the highest common divisor of 27144 and 459576?
936
Calculate the greatest common factor of 37026 and 122859.
1683
What is the greatest common factor of 1980 and 66330?
990
What is the highest common divisor of 50 and 126550?
50
Calculate the highest common divisor of 39 and 479271.
39
What is the highest common factor of 4379 and 113552?
151
What is the highest common factor of 9732 and 822?
6
What is the greatest common factor of 3332318 and 907?
907
What is the greatest common factor of 37232 and 4472?
104
Calculate the greatest common divisor of 29029 and 638.
319
What is the highest common factor of 29739 and 345?
69
What is the highest common factor of 16758 and 90?
18
Calculate the greatest common factor of 125 and 153625.
125
What is the greatest common factor of 1794 and 188508?
138
Calculate the greatest common divisor of 610 and 122305.
305
Calculate the highest common factor of 68 and 338.
2
Calculate the highest common divisor of 199475 and 50.
25
Calculate the greatest common divisor of 66 and 8734.
22
Calculate the greatest common factor of 1068 and 68772.
12
What is the highest common divisor of 952 and 412076?
28
What is the highest common divisor of 99 and 65439?
99
What is the greatest common factor of 27927 and 4698?
261
What is the highest common divisor of 684 and 1592523?
171
Calculate the greatest common divisor of 753 and 25351.
251
What is the highest common factor of 20 and 4093690?
10
What is the highest common divisor of 22659 and 507?
39
Calculate the highest common factor of 209405 and 21.
7
What is the greatest common divisor of 2541 and 